ppose 4*s - b - 32 = -5*b, s - 4*b = -12. Suppose s*g - 7 = -x, g + 15 = x - 17. Suppose -24*a + x*a = 75. Calculate the remainder when a is divided by 14.
11
Let j = -336 + 341. Calculate the remainder when 117 is divided by j.
2
Suppose 75 = h + 5*k, 5*k - 2*k = -4*h + 283. Let q = -53 + h. Calculate the remainder when q is divided by 5.
2
Let c(v) = 18*v**2 - v - 1. Suppose -4 = 4*r - 4*j, 2*r + 2*j + 0 = 6. What is the remainder when 47 is divided by c(r)?
15
Suppose -o - 41 + 25 = 0. Let x = o - -202. What is the remainder when x is divided by 38?
34
Let k = 4 + 14. Suppose k - 6 = 3*w. Calculate the remainder when 11 is divided by w.
3
Let z(w) = w**2 + 6*w - 12. Let q be z(-5). Let v = -16 - q. What is the remainder when v + 2 - (-6 + -16) is divided by 14?
11
Let p = -8 + 12. Suppose -g = p*g - 20. Suppose 0 = 4*r + 2*a - 6, -3*r + 5*a + 9 = -7*r. Calculate the remainder when g is divided by r.
0
Suppose 9*o - 6*o - 339 = 0. Calculate the remainder when o is divided by 31.
20
Let k(t) = 90*t - 480. Calculate the remainder when k(30) is divided by 13.
10
What is the remainder when ((-2535)/26)/(4/(-8)) is divided by 40?
35
Suppose 4*d - 14 = -2*m, -28 = m - 5*m - 5*d. Suppose 3 + m = k. Calculate the remainder when (-20)/(-3)*12/k is divided by 5.
3
Let w(b) = 6*b**2 + 6*b + 18. What is the remainder when 538 is divided by w(-4)?
88
Let p = 58 - 48. Suppose -10 = -2*a - 3*a. Calculate the remainder when -1 + -3 + a + 40 is divided by p.
8
Let p be (51/12)/((-3)/(-12)). Let w = p + -30. Let a(b) = -b - 1. Calculate the remainder when a(w) is divided by 7.
5
Let v(l) = -l**2 + 11*l + 63. Let w be v(20). Let n = w - -127. Calculate the remainder when 37 is divided by n.
7
Let j(v) = -v**2 + 10*v - 10. Let c be j(10). Let y = 32 + c. What is the remainder when y is divided by 6?
4
Suppose 0 = 4*s - 656 + 168. Suppose 777 + 98 = 35*q. Calculate the remainder when s is divided by q.
22
Suppose -3*g + g + x = -139, -5*g = -4*x - 343. Calculate the remainder when g is divided by 32.
7
Let r = -20 - -24. Let u be 1 - 4 - 1*-47. Suppose -r*h = -0*h - u. Calculate the remainder when h is divided by 6.
5
Let w = 103 + -51. Suppose 5*y - 8*y = 0. Suppose 5*h + 5 = y, -w = -5*v + h - 4*h. Calculate the remainder when 52 is divided by v.
8
Let k(z) = -5*z + 3. Let b be k(-16). Let c = 108 - b. Calculate the remainder when 120 is divided by c.
20
Let i = 1727 + -1612. What is the remainder when 574 is divided by i?
114
Suppose -144*j + 135*j = -1305. Calculate the remainder when j is divided by 69.
7
Suppose -3*k + 5*s = -22, 5*k + s = -2*s - 20. Let c be 0/(-4) - k - 24. Let g = c + 49. What is the remainder when g is divided by 7?
5
Suppose 0 = 4*l - 72 - 240. Suppose -4*j - x - 12 = -l, j = 5*x + 6. What is the remainder when 47 is divided by j?
15
Let j = 2410 - 2405. What is the remainder when 10 is divided by j?
0
Suppose -3*v + 89 = -88. Calculate the remainder when 823 is divided by v.
56
Let v(j) = -j**2 + 34*j - 205. Calculate the remainder when 539 is divided by v(25).
19
What is the remainder when 130 is divided by (20/6)/(2151/(-216) - -10)?
50
Suppose 2 = 2*z - f - 212, 5*f = -5*z + 550. Suppose -2*b + 5*w - 94 = -4*b, -4*w = -16. What is the remainder when z is divided by b?
34
Suppose -5*t + 35 + 158 = -3*u, 2*u + 5*t + 87 = 0. Let q = u - -103. Calculate the remainder when q is divided by 24.
23
Let b(a) = -a**3 - 21*a**2 - 56*a + 43. What is the remainder when b(-18) is divided by 41?
38
Let z = 0 + 0. Suppose z = -5*s + 2*b + 95, 3*s - 5*b - 59 = -s. Calculate the remainder when s is divided by (1/2)/(4/96).
9
Let f(x) = -x**3 - 4*x**2 - 5. Suppose 0*g = -9*g + 63. What is the remainder when f(-5) is divided by g?
6
Suppose 5*v + 20 = 4*k + 7*v, 5*k = -v + 19. What is the remainder when 72 is divided by (k*(-40)/(-9))/((-2)/(-3))?
12
Let a(q) = 3*q**2 - 19*q - 33. Suppose 3*j = u - 25 - 6, 5*j - 51 = -2*u. What is the remainder when a(10) is divided by u?
21
Let v(l) = -3*l**3 + 16*l**2 + 60*l - 1. What is the remainder when 96 is divided by v(-3)?
8
Let p = -114 + 267. Let k = -272 - -311. What is the remainder when p is divided by k?
36
Suppose 5*b = -3*z + 884, 2*b = -2*z - 51 + 407. What is the remainder when b is divided by 22?
21
Let w = -2 + -1. Calculate the remainder when 92 is divided by (-4 - w - -3) + 22.
20
Let o = 35 + -32. What is the remainder when 13 is divided by o*(-3)/9*-4?
1
Let y(w) = w**2 - 4*w + 28. Let o be y(0). Suppose -13*p = -17*p + o. Calculate the remainder when 125 is divided by p.
6
Let m = -14 - -19. Suppose m*n + 5*u - 24 = n, -3*u - 18 = -3*n. Let w = -16 + 27. What is the remainder when w is divided by n?
5
Suppose 7*g - 5 = 6*g. Suppose -p + 0*p + 73 = 0. What is the remainder when 12/16 - p/(-4) is divided by g?
4
Suppose 23*n - 41 = 21*n - 5*d, 3*n = -3*d + 57. What is the remainder when 55 is divided by n?
1
Suppose -85 = 4*i - 9*i. Let m(r) = r**2 + 11*r - 9. Let c be m(-12). Suppose 2*s + c*s = 160. What is the remainder when s is divided by i?
15
Let u = 0 + 3. Suppose 4*l - 15 = u*l. Calculate the remainder when l is divided by (-13 - -11)/(2/(-6)).
3
Suppose -40*f + 102 = -34*f. Calculate the remainder when 236 is divided by f.
15
Suppose 0*d + 230 = 5*d. Let v = 71 - d. What is the remainder when v is divided by 13?
12
Let z(g) = -4*g - 9. Suppose -r + 3 = -2*u, 0*r - 3*r = -4*u + 1. Suppose w = -5*y + 364, 64 = 2*y - 5*w - 60. What is the remainder when y is divided by z(r)?
15
Suppose 88 = 7*x + x. Calculate the remainder when 503 is divided by x.
8
Let l(h) = h**3 + 4*h**2 + 2*h + 4. What is the remainder when 95 is divided by l(-2)?
7
Suppose 278 + 2080 = 6*s. Calculate the remainder when s is divided by 33.
30
Suppose -4*n = -8*n + 28. Let f be (1 + -1)*(-2)/(-4). Calculate the remainder when -3 + (23 - f) + 0 is divided by n.
6
Let s = 434 - 365. Calculate the remainder when 343 is divided by s.
67
Let s = -443 - -478. What is the remainder when 193 is divided by s?
18
Let w = -226 + 294. Calculate the remainder when 540 is divided by w.
64
Let t be (-85 - 1)/(-3*10/(-15)). Let p = 48 + t. Calculate the remainder when p is divided by 1.
0
Let v = 9 - 10. Calculate the remainder when (v*1)/((-9)/711) is divided by 20.
19
Suppose 5 = -4*r - 15. Let t(c) = c - 2. Let i be t(1). What is the remainder when r/(15/(-48)) + i is divided by 6?
3
Suppose 0 = -19*h + 18*h + 55. Let u = h + -49. Calculate the remainder when 15 is divided by u.
3
Suppose 11*w = 9*w + 356. Let o = 183 - w. Let c(h) = 7*h - 1. Calculate the remainder when c(5) is divided by o.
4
Let b(y) = 7*y. Let a be b(-7). Let t = 63 + a. What is the remainder when (-6)/4 - 53/(-2) is divided by t?
11
Let y(a) = a**2 + a. Let t(j) = 4*j**2 + 11*j - 9. Let i(c) = t(c) - 5*y(c). Let b be i(8). Let u = b - -35. What is the remainder when 29 is divided by u?
9
Suppose 158*o - 150*o = 48. Let b(x) = 20*x**2 + 4*x. Let f be b(-6). What is the remainder when 2/8*f/o is divided by 16?
13
Let h(i) be the third derivative of i**5/60 - 3*i**4/8 + 7*i**3/3 - 13*i**2. Let j = -9 + 20. Calculate the remainder when j is divided by h(8).
5
Suppose -11*g = 4*g + 90. Calculate the remainder when 47 is divided by 4/(-1) - (-3 - (7 - g)).
11
Suppose -94 = 5*x - 2*s + 142, -3 = -s. Let u = 33 + x. Let o = u - -19. What is the remainder when 19 is divided by o?
1
Suppose -6*g - 20 = -2*g, r - 4*g - 32 = 0. What is the remainder when 83 is divided by 5/(100/268) + r/20?
13
Let p(j) = -32*j**3. Calculate the remainder when p(-1) is divided by 7.
4
Let p = 120 + -121. Let x(t) = -103*t**3 + t + 2. Calculate the remainder when x(p) is divided by 54.
50
Let v be (460/16)/((-4)/80). What is the remainder when (-1)/((-1720)/v + -3) is divided by 39?
37
Let g be (2 - (-1)/1)*5. Suppose 0 = -l - f + g, l = -5*f + 2 + 13. What is the remainder when l is divided by 1?
0
Let u(b) = 6*b**2 - 36*b + 6. Let d be u(6). Suppose -54 = -3*x + d. What is the remainder when 29 is divided by x?
9
Suppose 0 = -0*y - 2*y. Suppose y = 3*q - 57 + 21. Suppose 0 = 5*i + 3*f - 168, 0 = -f + 1. Calculate the remainder when i is divided by q.
9
Let b be (-30)/(-7) - (-8)/(-28). Let i(k) = k**3 - k**2 - 2*k + 23. What is the remainder when (-135)/(-2) + 2/b is divided by i(